atest common divisor of 3 and o.
3
Let z = 2 - -1. Let n be (-6)/((-1)/((-12)/(-9))). Suppose 102 = 2*v + 3*m, 0 = z*m - 7*m - n. What is the highest common factor of 18 and v?
18
Let l(i) = -5 + 3*i - 5 + 10 + 2*i**2. Let a be l(-3). What is the greatest common divisor of 63 and a?
9
Suppose 2*o + 2 = 10, -4*t - 4*o + 80 = 0. Let c be 38 + 1/(1/2). What is the highest common divisor of c and t?
8
Suppose -4*z + 3*q = -55, 2*q + 0*q - 70 = -4*z. What is the highest common divisor of 16 and z?
16
Let n = -23 - -11. Let v be (n/4)/(3/(-2)). Suppose -3*x = -2*x - 5*y - 55, -v*y + 242 = 4*x. Calculate the greatest common factor of 15 and x.
15
Let h(f) = 140*f**3. Let v be h(1). Suppose 0 = 4*a + 8 + v. Let x be 1/(-2) + a/(-2). What is the greatest common divisor of 2 and x?
2
Let q = -2 + 3. Let y = 14 + -6. Let t = -6 + y. Calculate the greatest common factor of q and t.
1
Let q = -3 + 8. Suppose q*i + 3*z - 22 = -z, -3*z + 5 = -2*i. Let v be -1 - 3 - (22 - 42). Calculate the highest common factor of v and i.
2
Let n(g) = g - 6*g**3 + 6*g**3 + 15 + 11 - g**3 - g**2. Let s be n(0). What is the highest common factor of 39 and s?
13
Let j be 178/14 - (-24)/84. Calculate the greatest common divisor of j and 13.
13
Let g(s) = 17*s**2 + 4*s + 3. Let k be 100/(-45) + 2/9. Let z be g(k). What is the greatest common divisor of z and 21?
21
Let j = -6 - -8. Suppose 0 = b - 3*d - 4, 3*b + 6 = 5*b - 4*d. Suppose 2*t + b = 3*t. Calculate the greatest common divisor of j and t.
1
Suppose -2*j = -4*j + 84. Suppose -4*n + 90 = -j. Calculate the greatest common factor of 3 and n.
3
Let a = 18 + 1. Let l be 1/(1*(-3)/(-57)). What is the highest common factor of l and a?
19
Suppose -2*a + u = 2*a - 13, -3*a - 5*u = -4. Suppose -2*p - 5*j = -17 - 4, a*p = -j + 38. Calculate the greatest common factor of 26 and p.
13
Let j(r) = 45*r - 3. Let o = 10 - 7. Let f be j(o). Let h be (12/(-10) - 0)*-10. Calculate the highest common divisor of h and f.
12
Let o(w) = -w + 4. Let c be o(2). Suppose -d - s + 71 = c*d, -d + 2 = -4*s. Calculate the highest common factor of 2 and d.
2
Suppose 22*k - 23*k - 18 = 0. Suppose 4*c - 94 = -0*g + 3*g, 5*g - 10 = 0. Let s = k + c. What is the greatest common divisor of s and 21?
7
Suppose 3*u = 11 + 22. Suppose -4*f + u = -29. Suppose -4*l - 68 = -5*h, -l - f = -4*h + 40. Calculate the greatest common factor of 12 and h.
12
Let c be 2 + 0 + 0 + -5 + -58. Let j(g) = -15*g**3 + 2*g**2 + g + 1. Let z be j(2). Let b = c - z. What is the greatest common factor of b and 8?
8
Suppose -4*u - 21 = -5*d, -d - 5*u - 16 = 3*d. Let q be 3 + -1 + 7*d. Suppose 2*w = 2 + 34. What is the greatest common divisor of w and q?
9
Suppose -w - 23 = -153. What is the highest common factor of 10 and w?
10
Let f be (4/4 + 3)*1. What is the greatest common divisor of 2 and f?
2
Let d be (-1720)/(-45) + 2/(-9). Let s be ((-15)/(-2) - -2)*2. What is the highest common factor of d and s?
19
Let c be 2/(-8) + 1/4. Suppose -s - 3*s - 3*f + 28 = c, -2*s + 2*f = 0. Calculate the highest common divisor of 4 and s.
4
Let x be (-11)/(-9) + (-24)/108. Calculate the greatest common factor of 5 and x.
1
Let t = 4 + -2. Suppose 0 = -4*g + t*j + 104, 28 = -0*g + 2*g + 5*j. Let v be 9*(40/5 - 4). Calculate the greatest common divisor of g and v.
12
Let m(w) = -w**3 - 4*w**2 - 3. Let u be m(-4). Let k be (-192)/(-9) + 1/u. Calculate the highest common divisor of k and 3.
3
Let o = 75 + -12. Calculate the greatest common factor of 42 and o.
21
Let n = 28 + -10. Let h = -289 - -559. Suppose h = o + 2*o. What is the highest common divisor of n and o?
18
Let q = -8 - -22. Suppose -2 = k - 3*b, 5*k - 38 = -4*b + 3*b. Suppose 0*r - r = -k. What is the highest common divisor of q and r?
7
Suppose 3*o - 2*o = -3*d + 37, 0 = 5*d - 4*o - 73. Calculate the greatest common factor of d and 91.
13
Suppose 310 + 40 = 5*d. Calculate the highest common factor of d and 10.
10
Let l(c) = -c**3 + 9*c**2 - 7*c + 16. Let s be l(7). Calculate the highest common divisor of s and 26.
13
Let r be (-394)/(-10) + 12/(-30). Let u = -25 + r. Calculate the greatest common divisor of u and 56.
14
Suppose -2*b + 2 = -0*b. Let u = -1 - -3. Suppose u*h + 25 = 2*n + 1, 3*h = -12. What is the highest common divisor of n and b?
1
Let i(x) = 2*x**3 - 11*x**2 + 8*x - 2. Let g be i(7). Suppose 2*t - g + 3 = 0. What is the greatest common divisor of 11 and t?
11
Suppose -4*q + 53 + 27 = 0. Suppose -4*w + 5*n + 47 = -0*w, 5*n = -w - 7. What is the highest common divisor of w and q?
4
Suppose 4*d = 5*d + 24. Let t be (d - (3 + -6))*-2. Let a be 136/22 + 6/(-33). What is the highest common divisor of t and a?
6
Suppose -5*z + 8*j = 7*j - 167, -4*z + 4*j = -124. Calculate the greatest common divisor of 85 and z.
17
Suppose 0 = 5*k - 0*k. Suppose -3*x + 63 = -k*x. Let i be ((-1)/(-3))/(3/63). Calculate the greatest common divisor of i and x.
7
Suppose -83 = -3*x - w + 6*w, -5*x - w = -101. Calculate the highest common factor of 14 and x.
7
Suppose -16*v + 385 = -287. What is the highest common divisor of v and 147?
21
Suppose 0 = 4*c + 8, 0*a - 5*a = 2*c - 61. What is the highest common divisor of 26 and a?
13
Let t be (9 - (2 + 2)) + 3. What is the highest common factor of t and 2?
2
Suppose 0 = 4*k + 1 + 3, -3*k + 349 = 2*h. Let p = 13 + -12. Let a = 17 - p. Calculate the greatest common divisor of a and h.
16
Suppose -2*b + 4*w + 5 = -w, -2*b + w = -1. Let x be 1 + 0 + b/(-1). Let y be (-44)/((-6 - -3) + x). Calculate the highest common divisor of 11 and y.
11
Suppose -5*r - 32 + 87 = 0. Let z be (-18)/6 + 248/2. Calculate the highest common factor of r and z.
11
Let c be 10/(-3)*(-48)/20. Suppose -2*h - 2*h + 128 = 0. Calculate the highest common divisor of h and c.
8
Let s = 8 - 5. Suppose 19 = -s*g + 5*b, 4*g = -b - 4*b + 33. Let k(n) = 3*n**3 - 2*n**2 + 1. Let v be k(g). Calculate the highest common divisor of v and 85.
17
Let j(z) = z**2 + 2*z + 1. Let i be 5 + 9/(-3)*1. Suppose -o + 4 = -i*o. Let g be j(o). Calculate the highest common factor of 36 and g.
9
Let l = 4 + -4. Suppose -3*i + 1 + 26 = l. Suppose 5*f = 4*u + 110, -3*f + f + 3*u + 51 = 0. What is the greatest common divisor of f and i?
9
Suppose 6*z = 2*z - 3*d + 956, 0 = d. Suppose z = 3*l + 23. Let c = 23 + -14. What is the greatest common divisor of c and l?
9
Let t = -137 - -249. Calculate the highest common factor of 42 and t.
14
Let u = -6 + 16. Suppose -2 + u = h. What is the greatest common divisor of h and 1?
1
Let c = -194 + 236. Calculate the greatest common divisor of 42 and c.
42
Suppose -w + 18 - 2 = 0. What is the greatest common factor of w and 2?
2
Let v be (55/25 + 2/(-10))*20. Calculate the highest common divisor of v and 40.
40
Suppose -3*d + 0*d + 12 = 0. Suppose d*g = w - 0*g - 24, -w + 32 = 4*g. Calculate the greatest common factor of w and 14.
14
Let c = -5 + 7. Suppose -6*b = -104 + c. What is the highest common factor of 34 and b?
17
Let n = -8 + 5. Let o be 0*2/(-4) - n. Suppose h - o*h + 24 = 0. What is the greatest common factor of h and 108?
12
Let n be (-3)/(-1*(4 + -3)). Let h(p) = 26*p - 3. Let k be h(n). Calculate the greatest common factor of k and 30.
15
Let v be (3 + 13)*(1 - 0). Let q be 63/14*v/6. Calculate the highest common divisor of 6 and q.
6
Let u = 29 - 47. Let i be (3 - u)/3 - 2. What is the greatest common divisor of i and 20?
5
Suppose 524 - 44 = 5*o. What is the highest common factor of 12 and o?
12
Let w be ((-6576)/30)/(-8) + (-3)/(-5). Calculate the highest common factor of 4 and w.
4
Let t(r) be the first derivative of 3*r**2/2 + 4*r + 2. Let q be t(-4). Let u be q/((-1)/(2/2)). Calculate the greatest common divisor of u and 8.
8
Suppose -4*v + 264 = 2*v. What is the highest common divisor of v and 110?
22
Suppose -5*y = k - 448, -3*y = -k - 136 - 136. Let h be 12/(-9)*1*-27. What is the highest common factor of h and y?
18
Suppose -4*x + 44 + 76 = 0. Calculate the highest common factor of 20 and x.
10
Suppose v - 7 - 11 = 0. What is the highest common divisor of 90 and v?
18
Let d(o) be the third derivative of o**4/12 - o**3/3 + 4*o**2. Let x be d(2). Let t = x + 9. Calculate the highest common divisor of t and 121.
11
Let f = -7 + 10. What is the highest common divisor of 21 and f?
3
Let q(z) = 40